[INFO] fetching crate miratope 0.1.0...
[INFO] checking miratope-0.1.0 against master#9610dfe5a9a731ced1ea4923ecbd0c57fe367898 for beta-170-4
[INFO] extracting crate miratope 0.1.0 into /workspace/builds/worker-1-tc1/source
[INFO] validating manifest of crates.io crate miratope 0.1.0 on toolchain 9610dfe5a9a731ced1ea4923ecbd0c57fe367898
[INFO] running `Command { std: CARGO_HOME="/workspace/cargo-home" RUSTUP_HOME="/workspace/rustup-home" "/workspace/cargo-home/bin/cargo" "+9610dfe5a9a731ced1ea4923ecbd0c57fe367898" "metadata" "--manifest-path" "Cargo.toml" "--no-deps", kill_on_drop: false }`
[INFO] started tweaking crates.io crate miratope 0.1.0
[INFO] finished tweaking crates.io crate miratope 0.1.0
[INFO] tweaked toml for crates.io crate miratope 0.1.0 written to /workspace/builds/worker-1-tc1/source/Cargo.toml
[INFO] crate crates.io crate miratope 0.1.0 already has a lockfile, it will not be regenerated
[INFO] running `Command { std: CARGO_HOME="/workspace/cargo-home" RUSTUP_HOME="/workspace/rustup-home" "/workspace/cargo-home/bin/cargo" "+9610dfe5a9a731ced1ea4923ecbd0c57fe367898" "fetch" "--manifest-path" "Cargo.toml", kill_on_drop: false }`
[INFO] [stderr]     Updating crates.io index
[INFO] [stderr]  Downloading crates ...
[INFO] [stderr]   Downloaded float-ord v0.3.1
[INFO] [stderr]   Downloaded ordered-float v2.2.0
[INFO] [stderr]   Downloaded spirv-types v0.4.0-alpha.7
[INFO] [stderr]   Downloaded sid v0.6.1
[INFO] [stderr]   Downloaded spirv-std v0.4.0-alpha.7
[INFO] [stderr]   Downloaded lyon v0.17.5
[INFO] [stderr]   Downloaded lyon_algorithms v0.17.4
[INFO] [stderr]   Downloaded scapegoat v1.1.0
[INFO] [stderr]   Downloaded nalgebra v0.26.2
[INFO] [stderr]   Downloaded hexasphere v3.3.0
[INFO] [stderr]   Downloaded spirv-std-macros v0.4.0-alpha.7
[INFO] [stderr]   Downloaded lyon_path v0.17.2
[INFO] [stderr]   Downloaded lyon_geom v0.17.0
[INFO] [stderr]   Downloaded tracing-subscriber v0.2.18
[INFO] [stderr]   Downloaded bevy_egui v0.4.2
[INFO] [stderr]   Downloaded glam v0.14.0
[INFO] [stderr]   Downloaded lyon_tessellation v0.17.6
[INFO] [stderr]   Downloaded bzip2-sys v0.1.10+1.0.8
[INFO] [stderr]   Downloaded rfd v0.3.0
[INFO] [stderr]   Downloaded rand_distr v0.4.0
[INFO] [stderr]   Downloaded simba v0.4.0
[INFO] [stderr]   Downloaded zip v0.5.12
[INFO] [stderr]   Downloaded factorial v0.2.1
[INFO] [stderr]   Downloaded gcd v2.0.1
[INFO] [stderr]   Downloaded matrixmultiply v0.3.1
[INFO] [stderr]   Downloaded flate2 v1.0.20
[INFO] running `Command { std: "docker" "create" "-v" "/var/lib/crater-agent-workspace/builds/worker-1-tc1/target:/opt/rustwide/target:rw,Z" "-v" "/var/lib/crater-agent-workspace/builds/worker-1-tc1/source:/opt/rustwide/workdir:ro,Z" "-v" "/var/lib/crater-agent-workspace/cargo-home:/opt/rustwide/cargo-home:ro,Z" "-v" "/var/lib/crater-agent-workspace/rustup-home:/opt/rustwide/rustup-home:ro,Z" "-e" "SOURCE_DIR=/opt/rustwide/workdir" "-e" "CARGO_TARGET_DIR=/opt/rustwide/target" "-e" "CARGO_HOME=/opt/rustwide/cargo-home" "-e" "RUSTUP_HOME=/opt/rustwide/rustup-home" "-w" "/opt/rustwide/workdir" "-m" "1610612736" "--user" "0:0" "--network" "none" "ghcr.io/rust-lang/crates-build-env/linux@sha256:19e73879b68f455e41552ea35293514db52ea292d993f571636dbffedb77a1ee" "/opt/rustwide/cargo-home/bin/cargo" "+9610dfe5a9a731ced1ea4923ecbd0c57fe367898" "metadata" "--no-deps" "--format-version=1", kill_on_drop: false }`
[INFO] [stdout] c958074d5e04efbc9056118f7f785ffc5e5938a3467722407af5e6e402988676
[INFO] running `Command { std: "docker" "start" "-a" "c958074d5e04efbc9056118f7f785ffc5e5938a3467722407af5e6e402988676", kill_on_drop: false }`
[INFO] running `Command { std: "docker" "inspect" "c958074d5e04efbc9056118f7f785ffc5e5938a3467722407af5e6e402988676", kill_on_drop: false }`
[INFO] running `Command { std: "docker" "rm" "-f" "c958074d5e04efbc9056118f7f785ffc5e5938a3467722407af5e6e402988676", kill_on_drop: false }`
[INFO] [stdout] c958074d5e04efbc9056118f7f785ffc5e5938a3467722407af5e6e402988676
[INFO] running `Command { std: "docker" "create" "-v" "/var/lib/crater-agent-workspace/builds/worker-1-tc1/target:/opt/rustwide/target:rw,Z" "-v" "/var/lib/crater-agent-workspace/builds/worker-1-tc1/source:/opt/rustwide/workdir:ro,Z" "-v" "/var/lib/crater-agent-workspace/cargo-home:/opt/rustwide/cargo-home:ro,Z" "-v" "/var/lib/crater-agent-workspace/rustup-home:/opt/rustwide/rustup-home:ro,Z" "-e" "SOURCE_DIR=/opt/rustwide/workdir" "-e" "CARGO_TARGET_DIR=/opt/rustwide/target" "-e" "CARGO_INCREMENTAL=0" "-e" "RUST_BACKTRACE=full" "-e" "RUSTFLAGS=--cap-lints=forbid" "-e" "RUSTDOCFLAGS=--cap-lints=forbid" "-e" "CARGO_HOME=/opt/rustwide/cargo-home" "-e" "RUSTUP_HOME=/opt/rustwide/rustup-home" "-w" "/opt/rustwide/workdir" "-m" "1610612736" "--user" "0:0" "--network" "none" "ghcr.io/rust-lang/crates-build-env/linux@sha256:19e73879b68f455e41552ea35293514db52ea292d993f571636dbffedb77a1ee" "/opt/rustwide/cargo-home/bin/cargo" "+9610dfe5a9a731ced1ea4923ecbd0c57fe367898" "check" "--frozen" "--all" "--all-targets" "--message-format=json", kill_on_drop: false }`
[INFO] [stdout] 4a9e4daf1794b15274a4caf1e373e9abd9f800f0ca4f5dff55bbc6f45e18493b
[INFO] running `Command { std: "docker" "start" "-a" "4a9e4daf1794b15274a4caf1e373e9abd9f800f0ca4f5dff55bbc6f45e18493b", kill_on_drop: false }`
[INFO] [stderr]    Compiling syn v1.0.65
[INFO] [stderr]     Checking cfg-if v1.0.0
[INFO] [stderr]    Compiling libm v0.2.1
[INFO] [stderr]     Checking lazy_static v1.4.0
[INFO] [stderr]    Compiling pkg-config v0.3.19
[INFO] [stderr]    Compiling getrandom v0.2.2
[INFO] [stderr]     Checking byteorder v1.4.3
[INFO] [stderr]    Compiling log v0.4.14
[INFO] [stderr]     Checking pin-project-lite v0.2.6
[INFO] [stderr]    Compiling libc v0.2.94
[INFO] [stderr]    Compiling serde v1.0.125
[INFO] [stderr]    Compiling num-traits v0.2.14
[INFO] [stderr]    Compiling bitflags v1.2.1
[INFO] [stderr]     Checking once_cell v1.7.2
[INFO] [stderr]     Checking scopeguard v1.1.0
[INFO] [stderr]    Compiling strum v0.18.0
[INFO] [stderr]     Checking instant v0.1.9
[INFO] [stderr]     Checking tracing-core v0.1.18
[INFO] [stderr]    Compiling version-compare v0.0.10
[INFO] [stderr]     Checking lock_api v0.4.4
[INFO] [stderr]    Compiling memchr v2.4.0
[INFO] [stderr]    Compiling ahash v0.7.2
[INFO] [stderr]     Checking slab v0.4.3
[INFO] [stderr]     Checking futures-core v0.3.14
[INFO] [stderr]     Checking ppv-lite86 v0.2.10
[INFO] [stderr]     Checking fxhash v0.2.1
[INFO] [stderr]     Checking cache-padded v1.1.1
[INFO] [stderr]     Checking parking v2.0.0
[INFO] [stderr]     Checking futures-io v0.3.14
[INFO] [stderr]     Checking fastrand v1.4.1
[INFO] [stderr]     Checking concurrent-queue v1.2.2
[INFO] [stderr]     Checking waker-fn v1.1.0
[INFO] [stderr]     Checking downcast-rs v1.2.0
[INFO] [stderr]     Checking async-task v4.0.3
[INFO] [stderr]     Checking event-listener v2.5.1
[INFO] [stderr]    Compiling num-integer v0.1.44
[INFO] [stderr]    Compiling Inflector v0.11.4
[INFO] [stderr]     Checking fixedbitset v0.4.0
[INFO] [stderr]    Compiling ryu v1.0.5
[INFO] [stderr]    Compiling serde_json v1.0.64
[INFO] [stderr]     Checking itoa v0.4.7
[INFO] [stderr]     Checking regex-syntax v0.6.25
[INFO] [stderr]     Checking async-channel v1.6.1
[INFO] [stderr]     Checking tracing-log v0.1.2
[INFO] [stderr]     Checking thread_local v1.1.3
[INFO] [stderr]     Checking sharded-slab v0.1.1
[INFO] [stderr]     Checking ansi_term v0.12.1
[INFO] [stderr]     Checking ahash v0.4.7
[INFO] [stderr]    Compiling crossbeam-utils v0.8.4
[INFO] [stderr]    Compiling indexmap v1.6.2
[INFO] [stderr]    Compiling num-rational v0.3.2
[INFO] [stderr]     Checking same-file v1.0.6
[INFO] [stderr]    Compiling anyhow v1.0.40
[INFO] [stderr]    Compiling num-iter v0.1.42
[INFO] [stderr]     Checking num_cpus v1.13.0
[INFO] [stderr]    Compiling jobserver v0.1.22
[INFO] [stderr]     Checking hashbrown v0.9.1
[INFO] [stderr]     Checking raw-window-handle v0.3.3
[INFO] [stderr]     Checking inotify-sys v0.1.5
[INFO] [stderr]     Checking rand_core v0.6.2
[INFO] [stderr]     Checking walkdir v2.3.2
[INFO] [stderr]     Checking futures-lite v1.11.3
[INFO] [stderr]     Checking aho-corasick v0.7.18
[INFO] [stderr]    Compiling cc v1.0.67
[INFO] [stderr]     Checking inotify v0.9.2
[INFO] [stderr]     Checking rand_chacha v0.3.0
[INFO] [stderr]     Checking filetime v0.2.14
[INFO] [stderr]     Checking mio v0.7.11
[INFO] [stderr]     Checking anymap v0.12.1
[INFO] [stderr]     Checking fixedbitset v0.2.0
[INFO] [stderr]     Checking crossbeam-channel v0.5.1
[INFO] [stderr]     Checking rand v0.8.3
[INFO] [stderr]     Checking arrayvec v0.5.2
[INFO] [stderr]     Checking bit-vec v0.6.3
[INFO] [stderr]     Checking base64 v0.13.0
[INFO] [stderr]    Compiling bevy-glsl-to-spirv v0.2.1
[INFO] [stderr]     Checking color_quant v1.1.0
[INFO] [stderr]     Checking bytemuck v1.5.1
[INFO] [stderr]     Checking bit-set v0.5.2
[INFO] [stderr]     Checking glam v0.14.0
[INFO] [stderr]     Checking scoped_threadpool v0.1.9
[INFO] [stderr]     Checking libloading v0.6.7
[INFO] [stderr]     Checking ab_glyph_rasterizer v0.1.4
[INFO] [stderr]     Checking hex v0.4.3
[INFO] [stderr]    Compiling khronos-egl v3.0.2
[INFO] [stderr]     Checking cfg-if v0.1.10
[INFO] [stderr]    Compiling maybe-uninit v2.0.0
[INFO] [stderr]     Checking net2 v0.2.37
[INFO] [stderr]     Checking iovec v0.1.4
[INFO] [stderr]     Checking notify v5.0.0-pre.7
[INFO] [stderr]    Compiling x11-dl v2.18.5
[INFO] [stderr]    Compiling cfg_aliases v0.1.1
[INFO] [stderr]     Checking petgraph v0.5.1
[INFO] [stderr]     Checking ttf-parser v0.12.0
[INFO] [stderr]     Checking spirv_headers v1.5.0
[INFO] [stderr]     Checking euclid v0.22.3
[INFO] [stderr]     Checking async-executor v1.4.1
[INFO] [stderr]     Checking approx v0.4.0
[INFO] [stderr]     Checking mio v0.6.23
[INFO] [stderr]    Compiling wgpu-core v0.7.1
[INFO] [stderr]     Checking ash v0.31.0
[INFO] [stderr]     Checking bevy_tasks v0.5.0
[INFO] [stderr]     Checking gpu-alloc-types v0.2.0
[INFO] [stderr]     Checking chrono v0.4.19
[INFO] [stderr]     Checking gpu-descriptor-types v0.1.1
[INFO] [stderr]    Compiling inflections v1.1.1
[INFO] [stderr]     Checking glow v0.7.2
[INFO] [stderr]     Checking inplace_it v0.3.3
[INFO] [stderr]    Compiling spirv-reflect v0.2.3
[INFO] [stderr]    Compiling spirv_cross v0.23.1
[INFO] [stderr]    Compiling libm v0.1.4
[INFO] [stderr]     Checking image v0.23.14
[INFO] [stderr]     Checking svg_fmt v0.4.1
[INFO] [stderr]     Checking lazycell v1.3.0
[INFO] [stderr]     Checking regex-automata v0.1.9
[INFO] [stderr]     Checking regex v1.5.3
[INFO] [stderr]     Checking guillotiere v0.6.0
[INFO] [stderr]     Checking mio-extras v2.0.6
[INFO] [stderr]     Checking wgpu-types v0.7.0
[INFO] [stderr]     Checking rectangle-pack v0.3.0
[INFO] [stderr]     Checking xi-unicode v0.3.0
[INFO] [stderr]     Checking percent-encoding v2.1.0
[INFO] [stderr]     Checking copyless v0.1.5
[INFO] [stderr]    Compiling xcb v0.8.2
[INFO] [stderr]     Checking owned_ttf_parser v0.12.0
[INFO] [stderr]     Checking ttf-parser v0.6.2
[INFO] [stderr]     Checking lyon_geom v0.17.0
[INFO] [stderr]     Checking ab_glyph v0.2.10
[INFO] [stderr]    Compiling bzip2-sys v0.1.10+1.0.8
[INFO] [stderr]     Checking libloading v0.7.0
[INFO] [stderr]    Compiling miniz_oxide v0.4.4
[INFO] [stderr]     Checking glyph_brush_layout v0.2.1
[INFO] [stderr]     Checking matchers v0.0.1
[INFO] [stderr]    Compiling crc32fast v1.2.1
[INFO] [stderr]     Checking ordered-float v2.2.0
[INFO] [stderr]     Checking sid v0.6.1
[INFO] [stderr]     Checking adler v1.0.2
[INFO] [stderr]     Checking stretch v0.3.2
[INFO] [stderr]     Checking lyon_path v0.17.2
[INFO] [stderr]     Checking emath v0.11.0
[INFO] [stderr]     Checking atomic_refcell v0.1.7
[INFO] [stderr]     Checking hexasphere v3.3.0
[INFO] [stderr]    Compiling typenum v1.13.0
[INFO] [stderr]    Compiling rfd v0.3.0
[INFO] [stderr]    Compiling scapegoat v1.1.0
[INFO] [stderr]     Checking rawpointer v0.2.1
[INFO] [stderr]    Compiling paste v1.0.5
[INFO] [stderr]     Checking matrixmultiply v0.3.1
[INFO] [stderr] error: failed to run custom build command for `xcb v0.8.2`
[INFO] [stderr] note: To improve backtraces for build dependencies, set the CARGO_PROFILE_DEV_BUILD_OVERRIDE_DEBUG=true environment variable to enable debug information generation.
[INFO] [stderr] 
[INFO] [stderr] Caused by:
[INFO] [stderr]   process didn't exit successfully: `/opt/rustwide/target/debug/build/xcb-36fae84da15c5ad4/build-script-build` (exit status: 101)
[INFO] [stderr]   --- stderr
[INFO] [stderr]   error occured in handler:  ('request: ', ('xcb', 'Xv', 'ShmPutImage'))
[INFO] [stderr]   Traceback (most recent call last):
[INFO] [stderr]     File "/opt/rustwide/cargo-home/registry/src/index.crates.io-6f17d22bba15001f/xcb-0.8.2/rs_client.py", line 2448, in <module>
[INFO] [stderr]       module.generate()
[INFO] [stderr]     File "/opt/rustwide/cargo-home/registry/src/index.crates.io-6f17d22bba15001f/xcb-0.8.2/xcbgen/state.py", line 108, in generate
[INFO] [stderr]       self.close()
[INFO] [stderr]     File "/opt/rustwide/cargo-home/registry/src/index.crates.io-6f17d22bba15001f/xcb-0.8.2/rs_client.py", line 296, in rs_close
[INFO] [stderr]       _f.writeout(os.path.join(module.rs_srcdir, "ffi", "%s.rs" % _module_name(_ns.ext_name)))
[INFO] [stderr]     File "/opt/rustwide/cargo-home/registry/src/index.crates.io-6f17d22bba15001f/xcb-0.8.2/rs_client.py", line 114, in writeout
[INFO] [stderr]       with open(path, 'w') as f:
[INFO] [stderr]   OSError: [Errno 30] Read-only file system: '/opt/rustwide/cargo-home/registry/src/index.crates.io-6f17d22bba15001f/xcb-0.8.2/src/ffi/xv.rs'
[INFO] [stderr]   thread 'main' panicked at 'processing of /opt/rustwide/cargo-home/registry/src/index.crates.io-6f17d22bba15001f/xcb-0.8.2/xml/xv.xml returned non-zero (1)', /opt/rustwide/cargo-home/registry/src/index.crates.io-6f17d22bba15001f/xcb-0.8.2/build.rs:75:17
[INFO] [stderr]   stack backtrace:
[INFO] [stderr]      0:     0x562487070081 - std::backtrace_rs::backtrace::libunwind::trace::h036e87df56fc4b9d
[INFO] [stderr]                                  at /rustc/9610dfe5a9a731ced1ea4923ecbd0c57fe367898/library/std/src/../../backtrace/src/backtrace/libunwind.rs:93:5
[INFO] [stderr]      1:     0x562487070081 - std::backtrace_rs::backtrace::trace_unsynchronized::hd61eb2dbd6ae476a
[INFO] [stderr]                                  at /rustc/9610dfe5a9a731ced1ea4923ecbd0c57fe367898/library/std/src/../../backtrace/src/backtrace/mod.rs:66:5
[INFO] [stderr]      2:     0x562487070081 - std::sys_common::backtrace::_print_fmt::h00c50d0875db23c9
[INFO] [stderr]                                  at /rustc/9610dfe5a9a731ced1ea4923ecbd0c57fe367898/library/std/src/sys_common/backtrace.rs:65:5
[INFO] [stderr]      3:     0x562487070081 - <std::sys_common::backtrace::_print::DisplayBacktrace as core::fmt::Display>::fmt::h63195ab2dde77ccc
[INFO] [stderr]                                  at /rustc/9610dfe5a9a731ced1ea4923ecbd0c57fe367898/library/std/src/sys_common/backtrace.rs:44:22
[INFO] [stderr]      4:     0x56248708f3af - core::fmt::rt::Argument::fmt::h83f4110348c688f4
[INFO] [stderr]                                  at /rustc/9610dfe5a9a731ced1ea4923ecbd0c57fe367898/library/core/src/fmt/rt.rs:138:9
[INFO] [stderr]      5:     0x56248708f3af - core::fmt::write::h509367dd365f983a
[INFO] [stderr]                                  at /rustc/9610dfe5a9a731ced1ea4923ecbd0c57fe367898/library/core/src/fmt/mod.rs:1094:21
[INFO] [stderr]      6:     0x56248706dbb1 - std::io::Write::write_fmt::h8e60bfebdaabfee5
[INFO] [stderr]                                  at /rustc/9610dfe5a9a731ced1ea4923ecbd0c57fe367898/library/std/src/io/mod.rs:1713:15
[INFO] [stderr]      7:     0x56248706fe95 - std::sys_common::backtrace::_print::h96e550016098cde6
[INFO] [stderr]                                  at /rustc/9610dfe5a9a731ced1ea4923ecbd0c57fe367898/library/std/src/sys_common/backtrace.rs:47:5
[INFO] [stderr]      8:     0x56248706fe95 - std::sys_common::backtrace::print::h7a049611b153a02e
[INFO] [stderr]                                  at /rustc/9610dfe5a9a731ced1ea4923ecbd0c57fe367898/library/std/src/sys_common/backtrace.rs:34:9
[INFO] [stderr]      9:     0x5624870713c7 - std::panicking::default_hook::{{closure}}::h1b023d46676794c4
[INFO] [stderr]     10:     0x5624870711b4 - std::panicking::default_hook::hea2961dabcf68e83
[INFO] [stderr]                                  at /rustc/9610dfe5a9a731ced1ea4923ecbd0c57fe367898/library/std/src/panicking.rs:288:9
[INFO] [stderr]     11:     0x56248707187c - std::panicking::rust_panic_with_hook::h4285c91a8168b001
[INFO] [stderr]                                  at /rustc/9610dfe5a9a731ced1ea4923ecbd0c57fe367898/library/std/src/panicking.rs:705:13
[INFO] [stderr]     12:     0x562487071777 - std::panicking::begin_panic_handler::{{closure}}::h6ebd0d46f0c6b010
[INFO] [stderr]                                  at /rustc/9610dfe5a9a731ced1ea4923ecbd0c57fe367898/library/std/src/panicking.rs:597:13
[INFO] [stderr]     13:     0x5624870704b6 - std::sys_common::backtrace::__rust_end_short_backtrace::h92042d128576b63a
[INFO] [stderr]                                  at /rustc/9610dfe5a9a731ced1ea4923ecbd0c57fe367898/library/std/src/sys_common/backtrace.rs:151:18
[INFO] [stderr]     14:     0x5624870714c2 - rust_begin_unwind
[INFO] [stderr]                                  at /rustc/9610dfe5a9a731ced1ea4923ecbd0c57fe367898/library/std/src/panicking.rs:593:5
[INFO] [stderr]     15:     0x56248704b293 - core::panicking::panic_fmt::h65404fc8061ee73a
[INFO] [stderr]                                  at /rustc/9610dfe5a9a731ced1ea4923ecbd0c57fe367898/library/core/src/panicking.rs:67:14
[INFO] [stderr]     16:     0x56248704fe35 - build_script_build::main::{{closure}}::h244d4633a4773196
[INFO] [stderr]     17:     0x56248704ecad - build_script_build::visit_xml::h9449373bd3d09a73
[INFO] [stderr]     18:     0x56248704f37b - build_script_build::main::h4296c92592af5ec6
[INFO] [stderr]     19:     0x56248704ff43 - core::ops::function::FnOnce::call_once::hac05c566b1c85eaf
[INFO] [stderr]     20:     0x56248704d506 - std::sys_common::backtrace::__rust_begin_short_backtrace::h017418eac874416d
[INFO] [stderr]     21:     0x56248704d019 - std::rt::lang_start::{{closure}}::h85904fdf38cd1d3f
[INFO] [stderr]     22:     0x56248706a7f5 - core::ops::function::impls::<impl core::ops::function::FnOnce<A> for &F>::call_once::h49ef85a8a8d45198
[INFO] [stderr]                                  at /rustc/9610dfe5a9a731ced1ea4923ecbd0c57fe367898/library/core/src/ops/function.rs:284:13
[INFO] [stderr]     23:     0x56248706a7f5 - std::panicking::try::do_call::ha1def14af693a135
[INFO] [stderr]                                  at /rustc/9610dfe5a9a731ced1ea4923ecbd0c57fe367898/library/std/src/panicking.rs:500:40
[INFO] [stderr]     24:     0x56248706a7f5 - std::panicking::try::haa3dc2a1139932e2
[INFO] [stderr]                                  at /rustc/9610dfe5a9a731ced1ea4923ecbd0c57fe367898/library/std/src/panicking.rs:464:19
[INFO] [stderr]     25:     0x56248706a7f5 - std::panic::catch_unwind::h9d9cbebaf9f15c67
[INFO] [stderr]                                  at /rustc/9610dfe5a9a731ced1ea4923ecbd0c57fe367898/library/std/src/panic.rs:142:14
[INFO] [stderr]     26:     0x56248706a7f5 - std::rt::lang_start_internal::{{closure}}::hf660a772669a69cc
[INFO] [stderr]                                  at /rustc/9610dfe5a9a731ced1ea4923ecbd0c57fe367898/library/std/src/rt.rs:148:48
[INFO] [stderr]     27:     0x56248706a7f5 - std::panicking::try::do_call::hb1c34715bb9b1c46
[INFO] [stderr]                                  at /rustc/9610dfe5a9a731ced1ea4923ecbd0c57fe367898/library/std/src/panicking.rs:500:40
[INFO] [stderr]     28:     0x56248706a7f5 - std::panicking::try::h499866fd990da8f1
[INFO] [stderr]                                  at /rustc/9610dfe5a9a731ced1ea4923ecbd0c57fe367898/library/std/src/panicking.rs:464:19
[INFO] [stderr]     29:     0x56248706a7f5 - std::panic::catch_unwind::hac1ffec55b72e7bc
[INFO] [stderr]                                  at /rustc/9610dfe5a9a731ced1ea4923ecbd0c57fe367898/library/std/src/panic.rs:142:14
[INFO] [stderr]     30:     0x56248706a7f5 - std::rt::lang_start_internal::h0fecf91cd579e7b6
[INFO] [stderr]                                  at /rustc/9610dfe5a9a731ced1ea4923ecbd0c57fe367898/library/std/src/rt.rs:148:20
[INFO] [stderr]     31:     0x56248704cff7 - std::rt::lang_start::ha2b4434693288484
[INFO] [stderr]     32:     0x56248704fea5 - main
[INFO] [stderr]     33:     0x7fc876654d90 - <unknown>
[INFO] [stderr]     34:     0x7fc876654e40 - __libc_start_main
[INFO] [stderr]     35:     0x56248704b8f5 - _start
[INFO] [stderr]     36:                0x0 - <unknown>
[INFO] [stderr] warning: build failed, waiting for other jobs to finish...
[INFO] [stderr] error: could not compile `ash` (lib)
[INFO] [stderr] 
[INFO] [stderr] Caused by:
[INFO] [stderr]   process didn't exit successfully: `/opt/rustwide/rustup-home/toolchains/9610dfe5a9a731ced1ea4923ecbd0c57fe367898/bin/rustc --crate-name ash --edition=2018 /opt/rustwide/cargo-home/registry/src/index.crates.io-6f17d22bba15001f/ash-0.31.0/src/lib.rs --error-format=json --json=diagnostic-rendered-ansi,artifacts,future-incompat --crate-type lib --emit=dep-info,metadata -C embed-bitcode=no -C debuginfo=2 --cfg 'feature="default"' --cfg 'feature="libloading"' -C metadata=bab6221131a0326e -C extra-filename=-bab6221131a0326e --out-dir /opt/rustwide/target/debug/deps -L dependency=/opt/rustwide/target/debug/deps --extern libloading=/opt/rustwide/target/debug/deps/liblibloading-fcd6905d951d9ed9.rmeta --cap-lints allow --cap-lints=forbid` (signal: 9, SIGKILL: kill)
[INFO] [stderr] error: could not compile `syn` (lib)
[INFO] [stderr] 
[INFO] [stderr] Caused by:
[INFO] [stderr]   process didn't exit successfully: `/opt/rustwide/rustup-home/toolchains/9610dfe5a9a731ced1ea4923ecbd0c57fe367898/bin/rustc --crate-name syn --edition=2018 /opt/rustwide/cargo-home/registry/src/index.crates.io-6f17d22bba15001f/syn-1.0.65/src/lib.rs --error-format=json --json=diagnostic-rendered-ansi,artifacts,future-incompat --crate-type lib --emit=dep-info,metadata,link -C embed-bitcode=no -C debuginfo=0 --cfg 'feature="clone-impls"' --cfg 'feature="default"' --cfg 'feature="derive"' --cfg 'feature="extra-traits"' --cfg 'feature="full"' --cfg 'feature="parsing"' --cfg 'feature="printing"' --cfg 'feature="proc-macro"' --cfg 'feature="quote"' --cfg 'feature="visit"' --cfg 'feature="visit-mut"' -C metadata=915db1245f1df2a9 -C extra-filename=-915db1245f1df2a9 --out-dir /opt/rustwide/target/debug/deps -L dependency=/opt/rustwide/target/debug/deps --extern proc_macro2=/opt/rustwide/target/debug/deps/libproc_macro2-0b03f5014e763b5f.rmeta --extern quote=/opt/rustwide/target/debug/deps/libquote-c82d726f3153373c.rmeta --extern unicode_xid=/opt/rustwide/target/debug/deps/libunicode_xid-5a8677df346b7e22.rmeta --cap-lints allow --cap-lints=forbid` (signal: 9, SIGKILL: kill)
[ERROR] error running command: no output for 300 seconds
[INFO] running `Command { std: "docker" "inspect" "4a9e4daf1794b15274a4caf1e373e9abd9f800f0ca4f5dff55bbc6f45e18493b", kill_on_drop: false }`
[INFO] running `Command { std: "docker" "rm" "-f" "4a9e4daf1794b15274a4caf1e373e9abd9f800f0ca4f5dff55bbc6f45e18493b", kill_on_drop: false }`
[INFO] [stdout] 4a9e4daf1794b15274a4caf1e373e9abd9f800f0ca4f5dff55bbc6f45e18493b
